 3497332001 a prime number?
True
Is 176303111 prime?
True
Is 5209452539 composite?
False
Is 3680067913 composite?
True
Is 42021900689 a prime number?
True
Is 73873189 a prime number?
False
Is 13968048383 composite?
False
Is 49093147997 prime?
False
Is 5394700139 composite?
True
Is 21336967 composite?
True
Is 988041937 a composite number?
False
Is 76306809047 a prime number?
False
Is 13856525519 a prime number?
True
Is 39045387301 a composite number?
False
Is 56708413 a prime number?
False
Is 46965142759 composite?
False
Is 2125108059 a composite number?
True
Is 405228391 composite?
True
Is 37662825959 prime?
False
Is 5124473953 a prime number?
True
Is 173998126739 prime?
False
Is 9199854767 a composite number?
False
Is 17342033581 prime?
True
Is 338050051283 a prime number?
False
Is 817918702 a prime number?
False
Is 8441435693 a composite number?
True
Is 3179857013 composite?
False
Is 63755228107 composite?
True
Is 2096176361 composite?
False
Is 11671925555 a composite number?
True
Is 46098939415 composite?
True
Is 8604677 a composite number?
True
Is 2284334537 prime?
False
Is 47635697543 a composite number?
True
Is 436565936131 prime?
False
Is 6389610061 prime?
False
Is 6619503919 composite?
True
Is 583395991 a prime number?
True
Is 15219397001 prime?
False
Is 75007490529 a prime number?
False
Is 47900887159 composite?
False
Is 20396445389 composite?
False
Is 390173857 a composite number?
False
Is 29284987931 a prime number?
True
Is 5789019113 prime?
False
Is 5800431031 a prime number?
False
Is 3486793129 prime?
False
Is 6137484883 a composite number?
True
Is 287157401 prime?
True
Is 500459 a composite number?
False
Is 2199561181 composite?
False
Is 24382674119 a prime number?
False
Is 17370031457 a composite number?
True
Is 1574056859 a prime number?
True
Is 128911174531 prime?
True
Is 6898163221 composite?
False
Is 73423839319 a composite number?
True
Is 3053238619 composite?
True
Is 107871464263 composite?
False
Is 3795673771 composite?
False
Is 2708165699 a prime number?
False
Is 601510253 prime?
False
Is 1705778617 prime?
True
Is 15366994879 prime?
True
Is 37026463889 composite?
True
Is 8425447253 a composite number?
False
Is 594878833 composite?
True
Is 27129908671 composite?
True
Is 28206531139 a prime number?
True
Is 1986858303 a composite number?
True
Is 11041503287 a composite number?
False
Is 30700987783 prime?
False
Is 1082317 a prime number?
True
Is 503650811 composite?
False
Is 24430286919 a composite number?
True
Is 1085700899 prime?
True
Is 7425241423 composite?
False
Is 2713520482 composite?
True
Is 72495687977 prime?
False
Is 28587729571 a composite number?
False
Is 3624379699 a composite number?
True
Is 10706462387 prime?
True
Is 12507876193 a composite number?
False
Is 5005154491 composite?
True
Is 3444009391 composite?
False
Is 406411669 a prime number?
True
Is 3419000417 a prime number?
False
Is 903174794439 a prime number?
False
Is 2118030861 composite?
True
Is 666149423 composite?
False
Is 29052826333 a composite number?
False
Is 6875628931 composite?
False
Is 6806621 composite?
False
Is 1356670451 prime?
True
Is 655001537 a prime number?
False
Is 102947641 prime?
True
Is 25090693 a prime number?
True
Is 3702524197 a composite number?
True
Is 12681438701 prime?
False
Is 356484027 a prime number?
False
Is 38460272941 composite?
False
Is 76710386 a prime number?
False
Is 45477055817 a composite number?
True
Is 76618423 composite?
True
Is 816142781 prime?
False
Is 2277649369 composite?
True
Is 46955630523 composite?
True
Is 974731129 a composite number?
False
Is 589055297 a prime number?
False
Is 50754953 composite?
True
Is 2362912649 composite?
False
Is 1533824707 composite?
False
Is 2996092487 a prime number?
True
Is 6413712843 composite?
True
Is 3179067685 composite?
True
Is 217586659339 a prime number?
False
Is 33982359881 composite?
False
Is 6037344631 composite?
True
Is 132854707213 a composite number?
False
Is 13968740519 a composite number?
True
Is 5063906333 composite?
True
Is 170991773 prime?
False
Is 68888024629 composite?
True
Is 870011633 a prime number?
False
Is 239314093 prime?
False
Is 6737775997 a composite number?
True
Is 70555487 a composite number?
False
Is 42322138541 composite?
False
Is 24391389131 prime?
True
Is 6488690599 prime?
True
Is 138867282431 prime?
True
Is 36089229989 prime?
False
Is 7457216213 composite?
True
Is 281227411067 a composite number?
False
Is 887886869 composite?
False
Is 516759583 prime?
False
Is 753827693 a composite number?
False
Is 16560194171 a composite number?
False
Is 13895295889 a prime number?
True
Is 330927767 composite?
False
Is 1303953563 composite?
True
Is 2209235179 prime?
True
Is 693739141 a composite number?
False
Is 3526315019 a composite number?
False
Is 766386281 prime?
True
Is 962716303 a composite number?
False
Is 3569247082 composite?
True
Is 48112759511 composite?
True
Is 17954679167 a prime number?
True
Is 3680110919 a composite number?
True
Is 1766796803 a composite number?
True
Is 912172367 prime?
True
Is 473764703 prime?
False
Is 26542513663 prime?
True
Is 1569084169 composite?
False
Is 8091841363 a composite number?
True
Is 1961235671 a composite number?
False
Is 1689927731 a composite number?
False
Is 1745631089 a prime number?
False
Is 1564699597 a composite number?
False
Is 63548927347 a composite number?
False
Is 309128387 composite?
False
Is 7645685647 a prime number?
False
Is 4750958111 composite?
False
Is 27969163879 composite?
False
Is 1378067681 prime?
False
Is 1313892263 prime?
True
Is 60117565283 a prime number?
True
Is 2310424447 composite?
True
Is 5438413551 a composite number?
True
Is 3516840013 a composite number?
True
Is 218805526811 prime?
True
Is 9311175541 a prime number?
False
Is 738774031 a composite number?
False
Is 7096207633 prime?
True
Is 206798182971 composite?
True
Is 42317619119 prime?
True
Is 11327740079 composite?
True
Is 740246333 a prime number?
False
Is 19229621347 a prime number?
True
Is 32872920667 prime?
True
Is 915990557 composite?
True
Is 50165930047 a composite number?
False
Is 5161446713 a prime number?
False
Is 150416971213 a composite number?
False
Is 265257991 composite?
False
Is 230095908695 composite?
True
Is 6225056543 prime?
False
Is 91778773 a composite number?
False
Is 1115783853 a prime number?
False
Is 80031703109 prime?
False
Is 10190354637 a composite number?
True
Is 88125566187 composite?
True
Is 25199769233 prime?
False
Is 59638771609 a composite number?
True
Is 4245730607 prime?
True
Is 3642514123 a prime number?
True
Is 4084352513 prime?
False
Is 1105444103 composite?
False
Is 9177055843 a composite number?
True
Is 244837342 a composite number?
True
Is 68189300633 composite?
False
Is 643983449 a prime number?
True
Is 2794474499 a prime number?
True
Is 99754201 a composite number?
False
Is 9974426531 a prime number?
False
Is 138365683 composite?
False
Is 11325183107 prime?
False
Is 6951648791 prime?
True
Is 1316485057 composite?
False
Is 14398613 a prime number?
True
Is 941992721 prime?
True
Is 15288970387 prime?
True
Is 32790005983 prime?
False
Is 444606815 composite?
True
Is 13766248081 a composite number?
True
Is 4100710538 prime?
False
Is 47520399847 composite?
True
Is 858631811 composite?
True
Is 780858913 composite?
False
Is 1284006089 a prime number?
True
Is 615341606933 a composite number?
False
Is 34704229603 a composite number?
True
Is 11142387451 a prime number?
False
Is 5142885103 prime?
True
Is 5249683799 composite?
False
Is 1567541291 a prime number?
False
Is 3210321427 prime?
True
Is 1096429289 a composite number?
False
Is 14197956137 a prime number?
True
Is 41140464107 composite?
True
Is 374947877 a prime number?
True
Is 218339106607 a composite number?
False
Is 247135657 a prime number?
True
Is 13606590763 composite?
False
Is 5623121729 a prime number?
False
Is 61782829937 prime?
True
Is 685158899 a prime number?
True
Is 1292829127 a prime number?
True
Is 36881743271 prime?
True
Is 37908140891 prime?
True
Is 1486081969 a prime number?
True
Is 1854266027 prime?
False
Is 3519403637 prime?
True
Is 11087860639 prime?
True
Is 4016570065 composite?
True
Is 169972337 composite?
False
Is 18653858089 prime?
False
Is 9202267255 a composite number?
True
Is 60116164789 a composite num